
116722
-5d478 (base 16) to base 11
-241069
100110100111110010 (base 2) to base 10
158194
506642 (base 8) to base 7
1264562
Convert 1501885 (base 10) to base 4.
11232222331
Convert c08aa (base 15) to base 11.
386995
What is -13203 (base 10) in base 11?
-9a13
-14868a (base 11) to base 4
-320122233
Convert -4b780a (base 13) to base 3.
-10102021012101
2262666 (base 8) to base 7
5143342
Convert 102102120020022 (base 3) to base 12.
204a8a5
Convert -189735 (base 10) to base 15.
-3b340
What is 534736 (base 9) in base 13?
b1c39
What is -25314447 (base 8) in base 4?
-111121210213
What is 122233213 (base 4) in base 15?
226cd
What is -14021001 (base 6) in base 5?
-110004434
What is 3409a0 (base 11) in base 3?
1000120202000
-78117 (base 10) to base 3
-10222011020
Convert -820a2b (base 14) to base 11.
-2522912
Convert 40030324 (base 5) to base 11.
1a5297
Convert -165234 (base 8) to base 14.
-17c60
-339840 (base 11) to base 2
-10000011110110100011
Convert 2a15664 (base 11) to base 6.
302533404
68280 (base 10) to base 8
205270
What is -823351 (base 9) in base 5?
-111103430
-1111421 (base 9) to base 8
-2220153
21112222230 (base 4) to base 2
1001010110101010101100
What is 77b818 (base 13) in base 5?
1210341033
-2132313000 (base 4) to base 9
-1201516
Convert -1212121102100 (base 3) to base 6.
-33203400
Convert 4042331233 (base 5) to base 7.
126265342
3230421 (base 5) to base 13
1c114
639309 (base 11) to base 14
1c8936
Convert -14123444 (base 8) to base 2.
-1100001010011100100100
What is -136604 (base 11) in base 2?
-110100001010111010
What is -635635 (base 7) in base 4?
-122320000
Convert 22003136 (base 7) to base 2.
111001011110101100001
Convert 7879a (base 11) to base 14.
2d815
What is 40324410 (base 5) in base 14?
85d98
Convert -111001000110111111 (base 2) to base 5.
-24441134
Convert -111111211000211 (base 3) to base 11.
-4064a44
1100001100000101 (base 2) to base 8
141405
-11002212012 (base 4) to base 11
-822828
231345411 (base 6) to base 8
20236357
Convert -343113314 (base 5) to base 16.
-176de3
21221114 (base 5) to base 16
2bd4e
What is 1000443144 (base 5) in base 15?
28d419
What is -242433040 (base 5) in base 8?
-4262072
What is 11110000101000001100 (base 2) in base 12?
3b6464
What is 33467b (base 12) in base 5?
202112300
What is -4443b (base 13) in base 8?
-361556
Convert -2059247 (base 10) to base 6.
-112045315
What is 1443b4 (base 12) in base 2?
1010010110100111000
What is 607835 (base 9) in base 3?
200021221012
-507044 (base 8) to base 6
-3331140
Convert 6c427 (base 13) to base 16.
30727
2202222210010 (base 3) to base 5
334213231
What is 1111000011101111101 (base 2) in base 4?
1320131331
Convert 321421231 (base 5) to base 4.
11023131323
10110101000001111100011 (base 2) to base 8
26501743
-16637156 (base 9) to base 5
-4114211302
What is -13012301313 (base 4) in base 3?
-10111122020200
110001010011001010111 (base 2) to base 16
18a657
Convert 222201535 (base 7) to base 10.
13446214
-447578 (base 9) to base 11
-173404
What is -22121201202012 (base 3) in base 7?
-53636153
72267 (base 10) to base 12
359a3
What is 43306 (base 12) in base 6?
1522010
103202013132 (base 4) to base 7
61344336
503050 (base 6) to base 14
105b8
-2405224 (base 6) to base 15
-27324
What is -142340214 (base 6) in base 12?
-b8a66a
What is 4895386 (base 11) in base 10?
8513533
Convert -32b4a (base 14) to base 11.
-84420
-81a95 (base 12) to base 14
-45917
Convert -8b32a (base 15) to base 4.
-1230013120
Convert -278452 (base 10) to base 4.
-1003332310
What is a2c900 (base 13) in base 4?
32133032301
What is 1000001100000001101111 (base 2) in base 11?
12366a7
What is 40345152 (base 6) in base 9?
2141615
What is -259dfa (base 16) in base 8?
-11316772
What is -66581 (base 9) in base 12?
-2170a
What is 327832 (base 10) in base 9?
548627
Convert -52015 (base 6) to base 13.
-31c7
What is 21762 (base 14) in base 7?
455152
Convert -11010111011111001110101 (base 2) to base 5.
-3301423414
Convert 14161254 (base 7) to base 8.
5035410
What is 14eed7 (base 16) in base 2?
101001110111011010111
What is -21010110010 (base 3) in base 6?
-3001303
-100010110110011100 (base 2) to base 6
-3020512
Convert -4562510 (base 7) to base 5.
-121214400
What is -3113304 (base 6) in base 3?
-21121111011
16249 (base 16) to base 4
112021021
Convert 101101001110011110011010 (base 2) to base 3.
211022100001121
What is 33200401 (base 6) in base 14?
1bcad3
-261632 (base 8) to base 11
-62439
Convert 1076372 (base 11) to base 10.
1882476
68ac7 (base 14) to base 16
3e277
What is 2331310222 (base 4) in base 2?
10111101110100101010
Convert 444884 (base 11) to base 2.
10101101001000100000
What is -3024005 (base 6) in base 8?
-430105
What is 1101011111100011110 (base 2) in base 4?
1223330132
Convert 202320202 (base 4) to base 10.
142882
Convert 11602 (base 15) to base 9.
83832
What is 211002000002100 (base 3) in base 2?
101100110000000010111011
Convert -1123524 (base 8) to base 2.
-1001010011101010100
Convert 116798 (base 11) to base 13.
66066
What is 310a8a8 (base 11) in base 7?
64444132
Convert 38122 (base 13) to base 4.
121100200
17dae (base 15) to base 10
77339
-146961 (base 13) to base 14
-d0491
Convert -65d51 (base 15) to base 12.
-13734a
What is -1022aa (base 11) in base 10?
-164075
Convert -37168 (base 11) to base 9.
-81262
-4208a (base 11) to base 9
-103107
Convert -20043411 (base 5) to base 16.
-26dff
Convert 11224534 (base 6) to base 9.
576314
-367893 (base 10) to base 16
-59d15
What is -143a6 (base 12) in base 8?
-67056
-163404 (base 9) to base 7
-600154
Convert 1117760 (base 10) to base 11.
6a3876
What is -1115111300 (base 6) in base 5?
-11120424144
Convert 12220202120 (base 4) to base 9.
3240285
What is -50336 (base 12) in base 13?
-3853b
-a04125 (base 12) to base 5
-1114323110
-56050 (base 16) to base 3
-122220022111
What is -330321131 (base 4) in base 15?
-4dd92
Convert 200434022 (base 5) to base 7.
6524046
What is 5416616 (base 10) in base 12?
1992748
2102001020222 (base 3) to base 7
13611455
What is 405060 (base 11) in base 5?
131312200
What is 200002212022 (base 3) in base 8?
1270035
What is -13450350 (base 7) in base 3?
-2100210210000
Convert -1167688 (base 11) to base 5.
-1004434342
What is 24594 (base 11) in base 6?
431254
-16388a7 (base 15) to base 6
-1333401151
-1100000010111000000110 (base 2) to base 11
-1867314
Convert -2343361 (base 9) to base 8.
-4656026
What is -100211101 (base 4) in base 2?
-10000100101010001
Convert -230142136 (base 7) to base 6.
-1220353404
What is -1034140230 (base 5) in base 13?
-60c938
What is 1920bc (base 15) in base 9?
2262146
What is -20404000 (base 6) in base 5?
-122414330
Convert -3014262 (base 7) to base 12.
-152626
Convert 808b7d (base 14) to base 5.
2101424221
1883532 (base 10) to base 3
10112200201110
-292854 (base 12) to base 7
-5566426
-75677 (base 10) to base 6
-1342205
Convert -75bd (base 16) to base 10.
-30141
What is -204142 (base 5) in base 15?
-2032
c98b83 (base 13) to base 9
8812206
What is -3126635 (base 9) in base 6?
-55453522
What is -145224001 (base 6) in base 2?
-1011101001000010000001
3075c3 (base 16) to base 14
5c9563
Convert 33021100111 (base 4) to base 16.
3c9415
What is 10c2738 (base 13) in base 3?
100201220222210
What is -14ca7aa (base 13) in base 11?
-3851315
What is 34300443 (base 5) in base 13?
a95b2
1031505 (base 6) to base 7
301346
-21055454 (base 6) to base 16
-95f7a
Convert -14334504 (base 6) to base 15.
-9b934
Convert -50e1a9 (base 16) to base 2.
-10100001110000110101001
Convert 27bd9 (base 16) to base 9.
267253
Convert 12010001202 (base 3) to base 5.
11210044
What is 130d (base 15) in base 5?
112223
Convert bb31a6 (base 12) to base 5.
1230030302
-c85a0b (base 14) to base 4
-121312201023
-10211313131 (base 4) to base 9
-2234118
Convert 191890 (base 12) to base 8.
1530254
What is -143821 (base 14) in base 5?
-134420232
Convert -522016 (base 7) to base 14.
-248b6
What is 10425624 (base 7) in base 2?
11011011001001000000
What is 66566 (base 8) in base 4?
12311312
Convert 231003313031 (base 4) to base 6.
1101102325
What is -1a470 (base 12) in base 3?
-1222001110
Convert c42bc (base 13) to base 9.
585775
What is 2367356 (base 8) in base 2?
10011110111011101110
What is -816962 (base 10) in base 12?
-334942
c3930 (base 15) to base 16
974af
What is